hat is the hundred thousands digit of 759505?
7
What is the ten thousands digit of 65972?
6
What is the hundreds digit of 222129?
1
What is the thousands digit of 33225374?
5
What is the hundreds digit of 118484?
4
What is the ten thousands digit of 692272?
9
What is the millions digit of 2936853?
2
What is the hundred thousands digit of 303789?
3
What is the thousands digit of 6568170?
8
What is the thousands digit of 2727515?
7
What is the hundred thousands digit of 11935915?
9
What is the hundred thousands digit of 2448916?
4
What is the hundreds digit of 2307966?
9
What is the hundred thousands digit of 129285?
1
What is the ten thousands digit of 202737?
0
What is the units digit of 210644?
4
What is the units digit of 43499?
9
What is the thousands digit of 676068?
6
What is the ten thousands digit of 1249207?
4
What is the ten thousands digit of 9063997?
6
What is the hundreds digit of 286367?
3
What is the ten thousands digit of 273095?
7
What is the millions digit of 1390726?
1
What is the ten thousands digit of 3309186?
0
What is the hundred thousands digit of 300458?
3
What is the ten thousands digit of 2479184?
7
What is the hundred thousands digit of 4091776?
0
What is the units digit of 188190?
0
What is the tens digit of 1685781?
8
What is the millions digit of 6565825?
6
What is the millions digit of 12267627?
2
What is the thousands digit of 627588?
7
What is the millions digit of 3581659?
3
What is the thousands digit of 1214627?
4
What is the thousands digit of 848662?
8
What is the thousands digit of 16749958?
9
What is the thousands digit of 168052?
8
What is the hundreds digit of 51369?
3
What is the units digit of 7605489?
9
What is the units digit of 146000?
0
What is the tens digit of 2283670?
7
What is the thousands digit of 311822?
1
What is the tens digit of 7864372?
7
What is the units digit of 79065?
5
What is the hundred thousands digit of 437625?
4
What is the ten thousands digit of 4862000?
6
What is the ten thousands digit of 496737?
9
What is the tens digit of 833094?
9
What is the millions digit of 2947267?
2
What is the hundred thousands digit of 5308658?
3
What is the hundreds digit of 164315?
3
What is the tens digit of 827947?
4
What is the thousands digit of 7244888?
4
What is the hundreds digit of 4388167?
1
What is the tens digit of 115467?
6
What is the units digit of 5117020?
0
What is the ten thousands digit of 3522596?
2
What is the thousands digit of 248238?
8
What is the hundreds digit of 490128?
1
What is the hundreds digit of 11304?
3
What is the hundreds digit of 704037?
0
What is the hundreds digit of 1705694?
6
What is the thousands digit of 830672?
0
What is the hundreds digit of 139336?
3
What is the units digit of 497534?
4
What is the hundred thousands digit of 4980589?
9
What is the ten thousands digit of 541052?
4
What is the thousands digit of 221360?
1
What is the units digit of 12979489?
9
What is the tens digit of 374522?
2
What is the thousands digit of 3210105?
0
What is the hundred thousands digit of 241153?
2
What is the ten thousands digit of 1452826?
5
What is the hundreds digit of 322108?
1
What is the millions digit of 4746052?
4
What is the units digit of 235643?
3
What is the hundred thousands digit of 1410960?
4
What is the tens digit of 5920356?
5
What is the thousands digit of 567133?
7
What is the ten millions digit of 32073127?
3
What is the hundreds digit of 2957160?
1
What is the ten thousands digit of 3444394?
4
What is the hundreds digit of 1594377?
3
What is the units digit of 113172?
2
What is the ten thousands digit of 136809?
3
What is the units digit of 58237?
7
What is the thousands digit of 12826448?
6
What is the thousands digit of 1219648?
9
What is the tens digit of 159702?
0
What is the tens digit of 1862648?
4
What is the thousands digit of 3581744?
1
What is the units digit of 554959?
9
What is the hundreds digit of 227769?
7
What is the hundreds digit of 7084793?
7
What is the thousands digit of 109344?
9
What is the thousands digit of 417151?
7
What is the tens digit of 4678472?
7
What is the thousands digit of 43607?
3
What is the thousands digit of 239944?
9
What is the ten thousands digit of 72783?
7
What is the hundred thousands digit of 120483?
1
What is the millions digit of 1121550?
1
What is the units digit of 5460127?
7
What is the hundred thousands digit of 2162168?
1
What is the ten thousands digit of 261366?
6
What is the units digit of 175164?
4
What is the tens digit of 193375?
7
What is the units digit of 326600?
0
What is the hundreds digit of 6706839?
8
What is the ten thousands digit of 4037520?
3
What is the hundreds digit of 694210?
2
What is the thousands digit of 928473?
8
What is the units digit of 4685507?
7
What is the ten millions digit of 20449112?
2
What is the thousands digit of 3895894?
5
What is the units digit of 23296612?
2
What is the hundreds digit of 109592?
5
What is the ten thousands digit of 341041?
4
What is the hundred thousands digit of 2834476?
8
What is the hundreds digit of 599183?
1
What is the ten thousands digit of 18918024?
1
What is the thousands digit of 252403?
2
What is the units digit of 15455872?
2
What is the hundreds digit of 2119009?
0
What is the millions digit of 7211892?
7
What is the hundreds digit of 204121?
1
What is the hundred thousands digit of 197571?
1
What is the hundred thousands digit of 3753020?
7
What is the tens digit of 173728?
2
What is the thousands digit of 9958458?
8
What is the units digit of 3024252?
2
What is the tens digit of 538203?
0
What is the ten thousands digit of 691314?
9
What is the hundred thousands digit of 127732?
1
What is the ten thousands digit of 3294295?
9
What is the hundreds digit of 1395006?
0
What is the ten thousands digit of 1901998?
0
What is the units digit of 2997897?
7
What is the hundred thousands digit of 4264992?
2
What is the hundred thousands digit of 3527765?
5
What is the ten thousands digit of 470969?
7
What is the units digit of 1112483?
3
What is the ten thousands digit of 7893591?
9
What is the units digit of 506560?
0
What is the millions digit of 6116547?
6
What is the tens digit of 12103605?
0
What is the thousands digit of 359367?
9
What is the tens digit of 562230?
3
What is the tens digit of 772685?
8
What is the hundred thousands digit of 238606?
2
What is the hundred thousands digit of 107347?
1
What is the tens digit of 2058694?
9
What is the units digit of 1903448?
8
What is the millions digit of 4209255?
4
What is the thousands digit of 437822?
7
What is the hundreds digit of 1124744?
7
What is the millions digit of 19920407?
9
What is the millions digit of 3452315?
3
What is the hundred thousands digit of 228654?
2
What is the units digit of 87487?
7
What is the millions digit of 5822859?
5
What is the tens digit of 260263?
6
What is the tens digit of 245039?
3
What is the thousands digit of 884654?
4
What is the thousands digit of 1547377?
7
What is the ten thousands digit of 16429787?
2
What is the tens digit of 2630734?
3
What is the units digit of 91393?
3
What is the thousands digit of 115687?
5
What is the hundred thousands digit of 235141?
2
What is the thousands digit of 7322218?
2
What is the hundred thousands digit of 241934?
2
What is the units digit of 2714114?
4
What is the units digit of 9282510?
0
What is the tens digit of 474480?
8
What is the hundred thousands digit of 5011822?
0
What is the thousands digit of 4963100?
3
What is the hundred thousands digit of 2009814?
0
What is the units digit of 415877?
7
What is the tens digit of 20922700?
0
What is the units digit of 413954?
4
What is the tens digit of 1553270?
7
What is the tens digit of 231424?
2
What is the ten millions digit of 30506113?
3
What is the thousands digit of 6100105?
0
What is the units digit of 15590199?
9
What is the hundreds digit of 6084229?
2
What is the tens digit of 1145197?
9
What is the thousands digit of 87346?
7
What is the hundreds digit of 628860?
8
What is the ten thousands digit of 3367136?
6
What is the ten thousands digit of 9109482?
0
What is the hundreds digit of 51207?
2
What is the thousands digit of 202822?
2
What is the ten thousands digit of 3562673?
6
What is the ten thousands digit of 718339?
1
What 